 k(b) = 25*b - 1. Let p(l) = 12*l - 1. Let g(i) = -3*k(i) + 5*p(i). Let o(h) = -11*d(h) + 6*g(h). Calculate o(-1).
12
Let p(i) = -i**3 - 6*i**2 + 5*i - 1. Let r be (-75)/30*(-14)/(-5). Determine p(r).
13
Suppose 0 = -4*p - 3*g + 84 + 489, 0 = -g - 5. Let m = -152 + p. Let v(k) = -k**2 + 2*k + 4. Give v(m).
-31
Let l = 15 + -13. Let w(p) = p + 2. Determine w(l).
4
Let x(u) = -4*u**2 - 4*u + 3*u**2 + 2*u**2 + 1. Suppose -2*r + 5*b + 33 = 0, 18 - 26 = 3*r + 4*b. Calculate x(r).
1
Suppose -34*a + 64 = -26*a. Let h(c) = 2 + 0*c - 1 - c. Determine h(a).
-7
Let v(q) = 3*q**2 + q - 29 + 93 - 29 - 34. Give v(-1).
3
Suppose x = -4, x - 14 = -5*j + 2*x. Let l(s) = 0*s**2 + 6*s + s - s**j + 2. Let a = 516 - 510. Give l(a).
8
Let k(h) = h**2 + 12*h + 10. Let t(y) = -2*y**2 + y + 33. Let x be t(5). Determine k(x).
10
Let p(h) = -2*h + 46735 - 46760 + 5*h + h**2. Give p(4).
3
Let i(f) = -f**2 + 26*f - 5. Let b be i(0). Let v(h) = -9*h - 50. Calculate v(b).
-5
Let z(c) = -2*c**2 - 42*c - 44. Let k be z(-20). Let y(v) = -2*v**2 - 4*v - 1. Calculate y(k).
-17
Let z(k) be the second derivative of -k**4/12 + 5*k**3/3 + 11*k**2/2 + 2*k - 162. What is z(11)?
0
Let r(d) = 88 + 86 - 174 + 20*d. Determine r(-1).
-20
Let q(d) = 36*d + 44*d + 34*d - 122*d - d**2 + 1. Calculate q(-7).
8
Let u = 1 - 1. Let f(x) = -x**3 + u*x**3 - 4*x**2 + 2 + 3*x**2. Let y(z) = -z**2 + 7*z - 12. Let q be y(5). Calculate f(q).
6
Let v(s) = -7*s + 5*s**2 + 4*s**3 - 2*s**3 - s**3. Let k be 70/28*(-60)/25. Calculate v(k).
6
Let y = -15 - -21. Let m(z) = z + 11. Let x(c) = -2*c - 15. Let n(s) = -3*m(s) - 2*x(s). What is n(y)?
3
Let j = 186 + -150. Suppose 7*a = 19*a + j. Let y(h) be the first derivative of h**4/4 + 4*h**3/3 + h**2 + 3*h + 2. Determine y(a).
6
Let m(r) = -4*r. Let b be m(13). Let c = -51 - b. Let u(v) = 2*v + 2*v + 1 - 2*v. Calculate u(c).
3
Let j(c) = -4*c - 7. Let i(n) be the second derivative of -4*n**3/3 - 15*n**2/2 - 8*n. Let l(u) = -6*i(u) + 13*j(u). Suppose -5*v = -6 + 1. Determine l(v).
-5
Let y(l) = 6*l - 8*l + l + 30 - 5 - l. Determine y(0).
25
Let w(i) = -i**2 + 8*i - 13. Let j be 88/14 + (-12)/42. Let x(u) = u**2 - 15*u + 24. Let o(v) = j*x(v) + 11*w(v). Calculate o(-2).
-15
Let x(d) be the first derivative of -d**4/4 + 5*d**3/3 - 5*d**2/2 + d - 166. Determine x(4).
-3
Let q(b) be the second derivative of 7/20*b**5 + 0 + 29*b - 1/6*b**3 + 1/12*b**4 + 0*b**2. Calculate q(1).
7
Let u(h) = 0*h**2 + 6 - 108*h + 0*h**2 + 101*h + 0*h**2 + h**2. Determine u(7).
6
Let v(j) = j + 6. Let x(i) = i - i**3 + 5 - 49*i**2 + 6 + 19*i**2 + 19*i**2. Let d be x(-11). Give v(d).
6
Let k(j) = -j**3 - 6*j**2 + 2*j - 2. Let p = -64 - -58. Calculate k(p).
-14
Suppose -5*a + 158 = 103. Let h(b) = 18*b**2 - 5*b**2 + b**3 - 1 - a*b**2. Determine h(-2).
-1
Let j(y) = -y**3 - 7*y**2 - 8*y - 6. Suppose -7*f + 3*f = -2*o + 24, -f = 3*o - 15. Let i be (0/(-6))/(o/(-2)). Let a be (-8 - i) + (-12)/(-4). Calculate j(a).
-16
Let u(q) be the second derivative of 5/2*q**2 + 0 - 13/12*q**4 - 11/6*q**3 - 1/20*q**5 + 9*q. Calculate u(-12).
-7
Let u(f) = f**2 + 5*f - 13. Let v be (36/42)/((-1)/7). Give u(v).
-7
Let f(r) = -r**3 - r**2 - 3*r - 1. Let s be f(-3). Suppose 0*c + 3*i = c - 12, s = 3*c + i. Let v(d) = d - d - c - 2*d. Give v(-6).
3
Let f(b) be the first derivative of b**4/4 - 2*b**3/3 - b**2 + 5*b - 9. Let u be f(3). Let x(i) = -i + 7. Determine x(u).
-1
Let k(r) = -r - 3. Let m be k(-5). Let t(u) = 2*u - u + 4*u - u**2 + m*u. Suppose -5*y + 8*z = 4*z - 26, -z + 19 = 3*y. Calculate t(y).
6
Suppose 0 = 4*o - 9*o - 35. Let i = o - -5. Let b be 2*(-5 - i - 0). Let d(h) = h**3 + 6*h**2 - 6. What is d(b)?
-6
Let h(v) = v**3 - 2*v + 2. Let m(d) = 45*d**3 + 13*d - 12. Let j(q) = -6*h(q) - m(q). Calculate j(1).
-52
Let p(o) = -19*o**2 + 35*o**2 - 14*o**2 + o - o**3. Determine p(2).
2
Let v(m) = -m - 10. Let d(j) = -2*j**2 - 10 + 22 - 34*j + 17. Let z be d(-18). Determine v(z).
-3
Let m(h) = h. Let y(b) = -3*b**3 - 7*b**2 - 7*b - 3. Let l be y(-2). Give m(l).
7
Let i(n) = n**3 - 3*n**2 + n. Suppose 9*s - 10 = 53. Suppose s = -4*c + 11. Give i(c).
-1
Let p(f) = 5*f**2 - f + 16. Let l(m) = m + m**2 - m - 47 + 50. Let k(o) = -11*l(o) + 2*p(o). Give k(2).
-9
Let s(i) = 5*i - 5. Suppose 0 = -0*t - 2*t - 2*b + 2, 4*t - 2*b - 16 = 0. Let o be s(t). Let y(w) = -w**2 + 10*w + 6. Determine y(o).
6
Suppose 18 = 2*m - 3*w - 0, 8 = 2*m + 2*w. Let b(g) = 6 + 2*g + 2 - 4*g - m. What is b(2)?
-2
Let a(o) = 2*o**2 + 10*o - 4. Let j = 177 + -182. What is a(j)?
-4
Let u(k) be the first derivative of -11*k**4/2 - k**3/3 + k**2 - 2*k + 78. Calculate u(1).
-23
Let m(k) be the first derivative of -1/12*k**4 + 8 + 1/2*k**2 - 9*k - 5/6*k**3. Let r(u) be the first derivative of m(u). What is r(-7)?
-13
Let r = 85 - 49. Suppose 16*i + r = 7*i. Let s(x) = 7*x - 2 + 4 - 4*x. Determine s(i).
-10
Let h(x) be the second derivative of x**7/2520 - x**6/180 - 7*x**5/120 + 7*x**4/4 + 47*x. Let f(r) be the third derivative of h(r). What is f(6)?
5
Let w(j) be the second derivative of 0 + 0*j**2 - 1/12*j**4 - 1/6*j**3 + 1/20*j**5 + 27*j. Calculate w(2).
2
Suppose -5*c + 91 = -2*f - 0*f, -70 = -5*c - 5*f. Let v(d) = -d**3 + 16*d**2 + 15*d + 28. Give v(c).
-6
Let q(b) = -2*b**2 + b + 6. Let n(o) = 7*o**2 - 2*o - 20. Let m(g) = n(g) + 4*q(g). Give m(2).
4
Let a(b) be the second derivative of 5*b**3/6 + b - 4. What is a(-8)?
-40
Let g(v) = -4*v**2 + v - 2. Let y = -2378 + 2379. Calculate g(y).
-5
Let z be (-4)/1*((-4)/1)/8. Let n(m) = -m**3. Determine n(z).
-8
Let t(n) = -17*n - 12. Let a(l) = -25*l - 19. Let b(f) = 5*a(f) - 8*t(f). What is b(-1)?
-10
Let p(t) = -7*t**2 + 15*t - 3. Let s(m) = m**2 - m - 1. Let f(l) = -2*l + 5. Let y be f(2). Let h(i) = y*p(i) + 6*s(i). Give h(8).
-1
Let i(q) = -4*q**2 - 2*q + 140. Let n(m) = 2*m**2 + m - 70. Let y(j) = 6*i(j) + 13*n(j). Calculate y(0).
-70
Let a(i) = i + 1. Let h(q) = -5 + 0 + 1 - 5*q + 0. Let v(y) = 4*a(y) + h(y). Give v(7).
-7
Let w(u) = -2*u**2 - 4*u. Suppose 0 = p - 4*p - 9. Let k(l) = -l**2 - 5*l - 3. Let s be k(p). Suppose 4*n + 3 = s*n. Give w(n).
-6
Let q(b) = -b**2 - 24*b - 155. Let y be q(-12). Let p(v) = v**2 + 11*v - 5. Determine p(y).
-5
Let n(c) = -54*c - 59*c + 2 + 117*c. Let h be n(-1). Let x(a) = -a**3 + a - 2. Calculate x(h).
4
Let t(f) = f + 2. Let b be t(3). Let q(c) = -b*c + 11*c**2 - 9*c**2 + c + c**3 - 1. Determine q(-3).
2
Let l(j) = 2*j + 21. Let g(m) = m + 10. Let t(v) = -9*g(v) + 4*l(v). Let f = -4 - -4. Give t(f).
-6
Let d(v) be the second derivative of v**4/12 + 2*v**3/3 - 3*v**2/2 + 2*v - 15. Determine d(-4).
-3
Suppose -2375*a = -2383*a - 48. Let u(w) = 2*w + 8. What is u(a)?
-4
Suppose -3*d = 6*i - 5*i, -d = -i + 4. Let q(j) = 59509*j - 59507*j - 1 - 8*j**2 + 7*j**2. Calculate q(i).
-4
Let o(x) = x**3 + 5*x**2 - x - 5. Suppose d + 4*d + 15 = 5*v, 0 = -2*d - 2. Let c = 6 - v. Suppose 22 = -c*k - 0*k - z, 3*k - 4*z + 7 = 0. What is o(k)?
0
Let x = 110 + -106. Suppose -l - l = -2*p, -3*p = x*l. Let c(r) = -r**3 + r**2 - r + 4. Calculate c(p).
4
Let m(y) = -y + 13. Let u be m(10). Suppose -u*r - 13 = -4. Let n(w) = -w**2 - 2*w - 4. Determine n(r).
-7
Suppose 4*j = 9*j - 40. Let m be 3 + 0 - (-3 + j). Let o(a) = -2*a. Determine o(m).
4
Let h(q) be the first derivative of -q**3/3 + 3*q**2 + q + 792. What is h(3)?
10
Let s(z) be the second derivative of -z**5/20 + z**4/4 + 5*z**3/6 - 4*z**2 - 802*z. Give s(4).
-4
Let p be 3 + (-4)/(0 + -1). Let q = p + -2. Let m(x) = -3*x + 8. Let t(h) = -6*h + 15. Let u(o) = 7*m(o) - 4*t(o). Calculate u(q).
11
Let x = -12 + 17. Let j(a) = 4*a + 3*a - 7*a - 14*a**2 - 18 - x*a. Let c(q) = -5*q**2 - 2*q - 6. Let f(l) = 17*c(l) - 6*j(l). What is f(-6)?
-6
Let s(t) = -1. Suppose -5 = 2*j - 3. Let o(z) = -2*z - 3. Let v(d) = j*o(d) + 6*s(d). Let l = -164 + 166. What is v(l)?
1
Let g(w) be the first derivative of w**4/4 - 16*w**3/3 + 9*w**2 - 2*w - 257. Calculate g(15).
43
Let y(j) = 0 - 2 + j - 5 + 8. Let q = -8 - -4. Give y(q).
-3
Let f(z) = -z**3 + z**2 - z - 1. Let v be (-10)/((-1)/(2 + -3)). Let k be (v/6)/(2/(-6)). Suppose -k*i = -3*o + 5 - 15, 0 = -5*i + o + 10. What is f(i)?
-7
Let r = -70 + 37. Suppose 15*n = 19*n - 148. Let t = r + n. Let c(g) = g**3 - 3*g**2 - 5*g + 3. Give c(t).
-1
Let f(w) = 27658*w**3 + 9*w**2 - 10 - 27659*w*